 k be a(5). What is the greatest common divisor of 13 and k?
13
Let g be (40/6)/(1/3). Let x(i) = -i**3 - 16*i**2 - 15*i - 6. Let f be x(-15). Let q(d) = -d - 2. Let w be q(f). What is the highest common divisor of w and g?
4
Suppose -6 = -3*o - 0. Suppose -2*d + 0*n - o*n = -144, 2*d + 5*n - 150 = 0. What is the greatest common factor of d and 10?
10
Let p be 3 - -7 - 0 - 2. Let o(u) = 2*u. Let n be o(p). Calculate the greatest common divisor of 16 and n.
16
Let b(m) = 2*m**2 + 14*m - 13. Let o be b(-9). What is the greatest common divisor of o and 207?
23
Suppose -g - 3*g + 80 = 0. Suppose -3*i + 3 = 9. Let u be (16/3)/(i/(-75)). Calculate the highest common factor of u and g.
20
Suppose -24 = -4*q - 4*t, 4*t - 5*t = 4*q - 15. Suppose -4*i + q*m = -132, 2*i - 99 = -i + 3*m. What is the greatest common factor of 11 and i?
11
Suppose 0 = 5*t + 5*j + 9 - 24, t = -2*j + 5. What is the greatest common divisor of 1 and t?
1
Suppose -3*s + 3*r = -s + 10, 5*r - 15 = 3*s. Let d = s + 10. Suppose 0 = w + 2*h - 14, 5*w + 0*h - d*h = 10. What is the highest common factor of 15 and w?
3
Suppose 0 = -8*v + 3*v + 90. Calculate the highest common divisor of 54 and v.
18
Let x = -10 + 12. Suppose -8 = -3*p - 5*z + 15, 2*z = x. Let u(m) = 4*m + 2. Let i be u(p). Calculate the greatest common divisor of i and 65.
13
Let t = 71 + -29. Calculate the highest common divisor of 21 and t.
21
Let z be (-4)/(-10) - (-198)/5. Calculate the highest common divisor of 5 and z.
5
Let h = 2 - 1. Let l(n) = n**2 + 18*n + 50. Let g be l(-15). Calculate the greatest common divisor of h and g.
1
Let c be -11*(-2 - -1)*2. Suppose -21 = k - 5*j, 2*k - c - 6 = -4*j. What is the greatest common factor of k and 44?
4
Let l = 96 + -26. What is the greatest common divisor of l and 14?
14
Let b = 95 - 55. Suppose -2*a = -0*a + 30. Let x be 242/4 - a/(-30). What is the greatest common factor of b and x?
20
Suppose 4*x + 7 = 19, 0 = y - 2*x + 192. Let n = y - 672. Let u be 3/(-5) + n/(-5). Calculate the highest common factor of 19 and u.
19
Let u = 8 - 3. Suppose -11*a - 110 = -33*a. Calculate the highest common divisor of a and u.
5
Suppose -40 = -p - 4*p. Calculate the greatest common factor of 8 and p.
8
Let j = 726 + -518. Let x be (0 + 4)/(6/39). What is the highest common divisor of j and x?
26
Suppose 80 = 3*i - 208. Suppose 5*u + 4*b + 6 = 0, 0 = 3*u - u - 4*b - 20. Suppose i = n + u*n. What is the greatest common divisor of 8 and n?
8
Let d(i) = -i + 4. Let f = 7 - 3. Let w be d(f). Suppose 2*r - 3*r = 4*p - 25, -p = w. What is the highest common factor of 50 and r?
25
Let m be 318/15 + (-3)/15. Suppose -5*o + 2*l = -o - 26, -5*l = o + m. Calculate the highest common factor of 10 and o.
2
Let h be 36/126 + 502/7. Calculate the highest common divisor of h and 8.
8
Let x(d) = 12*d - 1 + 45*d - 2*d. Let l be x(1). Let v(t) = -11*t + 3. Let y be v(-3). Calculate the highest common divisor of l and y.
18
Let g be (-1)/(-3)*(-3 - -3). Suppose g = 2*j + 5*k - 10, -j - k + 5 = -6*k. What is the highest common factor of j and 10?
5
Let a = -19 + 25. What is the greatest common divisor of a and 9?
3
Let q be (138/20 + (-14)/35)*6. What is the highest common divisor of 3 and q?
3
Let n be (-6)/(-1)*26/(-39) - -301. What is the greatest common divisor of 11 and n?
11
Suppose -8 = -4*n + 2*w, 4*n - 4 = 3*n + w. Suppose 5*m - 35 - 280 = n. Calculate the highest common divisor of 21 and m.
21
Let i be (48 + 2)/(-3 + 4). What is the greatest common divisor of 125 and i?
25
Let j be (24/8)/(1 + (-8)/20). Calculate the greatest common divisor of 20 and j.
5
Let z be 94/18 + 22/(-99). Calculate the highest common factor of z and 45.
5
Let h be ((-12)/10)/(6/(-20)). Suppose 2*j - 26 = -5*o + h*j, 3*o = 4*j + 24. Suppose o*f - f - 90 = 0. Calculate the highest common divisor of 6 and f.
6
Let k(v) = -3*v - 8. Let t be 4/(-10)*(20 - 0). Let z be k(t). Let y be (-2 - -27)*(-16)/(-10). Calculate the greatest common factor of z and y.
8
Let j(u) = 3*u**2 - 3*u + 4. Let l be j(2). Calculate the highest common factor of 20 and l.
10
Suppose 51 + 5 = -3*x + 5*m, -4*m + 36 = -2*x. Let h = x + 13. Let i be h/(-4) - (-1)/(-4). Calculate the highest common factor of i and 18.
2
Let j be -69*-1*(-1)/(-1). Suppose -2*g - g + j = 0. Suppose 0*f + 3 = f, 4*x + f - g = 0. What is the greatest common divisor of 45 and x?
5
Suppose -2*q + 140 = -7*q. Let j = 92 + q. Suppose -5*k + k + 5*t = -j, -5*t = 0. Calculate the greatest common divisor of 112 and k.
16
Let c = 130 - 94. What is the highest common divisor of c and 54?
18
Let a = 10 - 2. Suppose 5*k = 3*y + 85, k + 7 = -4*y + 1. Let b = 26 - k. Calculate the highest common factor of a and b.
4
Let i(q) = -q + 4. Let f be i(-8). Let n = f - 7. Suppose 3*s - 65 = -n*d, 3*d + s - 25 = 2*s. Calculate the greatest common factor of d and 2.
2
Suppose 3*d - 3 - 9 = 0. Suppose -q = -d*q + 378. Suppose -30 = -2*z - 2. Calculate the highest common divisor of q and z.
14
Let v(w) = 5*w + 1. Let p be v(1). Let o be -2*(-2)/(-8)*p. Let d be 12 + (-3 - -9)/o. What is the highest common divisor of 40 and d?
10
Suppose 36 = 6*l - 2*l. Let v be (66/(-9))/((-3)/l). Calculate the greatest common divisor of v and 2.
2
Let r = 89 - 44. Suppose a + a = 5*m - 16, -4*a - 6 = 3*m. Suppose 0 = -3*x - 0*x - 15, -4*x - 38 = -m*k. What is the greatest common divisor of k and r?
9
Suppose -f - 4*f = -25. Suppose 225 = f*a + g, -3*a - 5*g + 90 = -a. Let x be ((-2)/4 - 2)*-12. What is the highest common divisor of a and x?
15
Suppose -l = -2*l + 18. Suppose 0 = q + 5*g - 0 - 6, -4*g + 4 = 0. Let p(k) = 8*k**2 + 2*k - 1. Let t be p(q). What is the greatest common factor of l and t?
9
Let a be 2/5 + (-7)/5. Let l(c) = -10*c. Let n be l(a). Let s be 9/15 - (-4)/n. What is the highest common factor of s and 11?
1
Suppose -r + 35 = 2*u - 44, u = -5*r + 17. Suppose 48 = 2*x - 5*p, 4*x + 2*p - 44 = -p. Calculate the greatest common factor of u and x.
14
Let n = -8 + 12. What is the greatest common divisor of 28 and n?
4
Let k(y) = 85*y - 17. Let z be k(5). Calculate the highest common factor of z and 51.
51
Let o = -10 - -23. Let j = 524 - 346. Let a = j - 87. Calculate the highest common divisor of o and a.
13
Let t be -4 + (0 - (-3 + -16)). Calculate the highest common divisor of t and 105.
15
Let g be 48/9*(1 - -2). Let s(r) = 7*r**2 - r - 1. Let z be s(-1). Let o = z - -105. Calculate the highest common divisor of o and g.
16
Let b = -56 + 78. Suppose b + 32 = 3*m - 2*g, 0 = 2*m + 4*g - 36. What is the highest common factor of m and 27?
9
Let b(q) = q**2 - 8*q + 12. Let m be b(10). Let x = 8 + m. Let g(l) = -4*l - 3. Let i be g(-2). What is the greatest common divisor of x and i?
5
Suppose 5*n = -z + 9 - 0, -n = 0. Calculate the highest common divisor of 18 and z.
9
Let x(r) = 13*r + 1. Let z be x(1). Suppose 5*l = 25, 5*h - h - 4*l = 104. Let k = 157 - h. Calculate the highest common factor of k and z.
14
Let z = 4 + 0. Suppose q - 5*m = 4*q - 76, z*q = 5*m + 113. Calculate the greatest common divisor of 189 and q.
27
Suppose -4*g + 2*b + 48 = 0, -2*g - 5*b = g - 10. Let r(j) = 5*j - 2*j + 3*j. Let t be r(g). What is the highest common factor of 15 and t?
15
Let m(f) = -4*f. Let z be m(-2). Calculate the greatest common factor of z and 216.
8
Suppose -47 = -s + 56. Suppose -3*r + s = -137. What is the greatest common divisor of 16 and r?
16
Suppose 3*p + 15 = 3*g - 0*p, g + 1 = -p. Let d(f) = -6*f**2. Let k be d(g). Let j be ((-9)/(-6))/((-3)/k). Calculate the greatest common factor of j and 18.
6
Suppose -108 = -2*m + 5*z, 200 = 5*m + 3*z + 2*z. Let g = 10 + -10. Let c = g - -4. Calculate the greatest common factor of c and m.
4
Suppose 4*h = 2*k + 800, -3*k = -4*h - h + 1002. Calculate the greatest common factor of h and 18.
18
Let t(u) = 13*u**3 + u**2 + u + 1. Let p be t(-1). Let h = 6 - p. What is the highest common factor of 45 and h?
9
Suppose -z + 6 = 1. What is the highest common divisor of 55 and z?
5
Suppose 185 = 5*d - 5*v, 7 = d - 3*v - 38. Suppose 3*s = -5*p + 4*s + 27, -3 = -p - s. Suppose -p*t + 32 = -78. What is the greatest common divisor of t and d?
11
Let o(w) = 2*w**2 - 15*w - 14. Let n be o(14). What is the highest common divisor of 21 and n?
21
Let l be (-675)/(-3)*(-4